24473?
3
What is the highest common divisor of 1484 and 205352?
28
What is the highest common factor of 184 and 11448?
8
What is the highest common divisor of 1782 and 1206423?
9
Calculate the highest common divisor of 18152563 and 858.
143
What is the greatest common divisor of 96 and 42354426?
6
What is the greatest common factor of 4510 and 53127390?
410
What is the highest common factor of 12730 and 770232?
134
Calculate the greatest common factor of 6736516 and 407.
37
What is the highest common factor of 130948 and 28?
4
What is the greatest common factor of 10791 and 727683?
33
Calculate the greatest common factor of 1711422 and 3128382.
2214
What is the highest common divisor of 117904 and 61328?
16
Calculate the greatest common divisor of 56991 and 318.
3
Calculate the highest common factor of 2035384 and 24.
8
Calculate the highest common divisor of 55819530 and 420732.
7254
Calculate the highest common divisor of 210 and 11524785.
15
What is the greatest common factor of 7291 and 70025934?
317
What is the greatest common divisor of 6674176 and 696?
232
Calculate the highest common factor of 74090 and 201810.
310
What is the highest common factor of 1785733 and 14039?
139
What is the greatest common factor of 318276 and 3322532?
1684
What is the highest common factor of 1332470 and 35?
5
Calculate the greatest common factor of 45520790 and 8274.
2758
Calculate the highest common factor of 181521 and 276141.
249
What is the greatest common factor of 12725 and 361630?
5
What is the greatest common factor of 8635772 and 11089?
853
What is the highest common divisor of 423 and 40279?
47
Calculate the greatest common divisor of 49204080 and 255744.
5328
What is the greatest common divisor of 3875165 and 20?
5
Calculate the greatest common factor of 926569 and 2625.
7
What is the greatest common divisor of 6 and 1898641806?
6
What is the greatest common factor of 17991 and 21825?
9
What is the highest common factor of 30367751 and 46?
23
What is the highest common divisor of 2778165 and 129870?
1755
What is the highest common divisor of 10139696 and 3696?
112
Calculate the highest common factor of 854250 and 11050.
850
Calculate the greatest common factor of 153 and 2105807.
17
What is the greatest common divisor of 75430 and 1670?
10
What is the greatest common divisor of 351263 and 968?
121
Calculate the highest common factor of 180110 and 6312565.
2905
What is the highest common divisor of 4610 and 3025082?
922
Calculate the greatest common divisor of 40096753 and 335.
67
What is the greatest common divisor of 4437 and 1019133?
153
Calculate the highest common factor of 50 and 473962.
2
What is the greatest common divisor of 20402378 and 4870?
974
What is the highest common factor of 1024 and 169477632?
512
Calculate the highest common divisor of 43630059 and 968.
121
Calculate the greatest common factor of 7354 and 1980741068.
7354
Calculate the greatest common divisor of 27016 and 24728.
88
Calculate the greatest common factor of 6477 and 74222.
17
What is the greatest common factor of 612592 and 1056?
16
Calculate the greatest common factor of 336 and 8941128.
168
Calculate the highest common divisor of 55 and 7339981.
11
Calculate the greatest common divisor of 263327301 and 1515.
303
Calculate the greatest common factor of 143438305 and 5.
5
What is the highest common factor of 5887 and 3619287?
203
Calculate the highest common divisor of 397968 and 9840.
48
What is the greatest common factor of 5026325 and 1177?
107
Calculate the greatest common divisor of 1560 and 20820.
60
What is the greatest common factor of 37372284 and 18?
18
Calculate the highest common divisor of 59409 and 31556.
161
Calculate the highest common divisor of 300 and 11330.
10
What is the greatest common factor of 2036 and 2781352114?
1018
Calculate the greatest common factor of 7318140 and 38640.
1380
What is the greatest common factor of 21466544 and 1472?
368
What is the greatest common factor of 640 and 56883520?
320
What is the highest common divisor of 83525981 and 693?
77
What is the highest common divisor of 1496 and 50388646?
374
Calculate the greatest common divisor of 3075 and 3315675.
75
What is the highest common divisor of 2535 and 389295?
15
What is the greatest common divisor of 15680 and 1221520?
80
Calculate the highest common factor of 16 and 190868.
4
What is the highest common divisor of 5064800 and 13?
13
Calculate the greatest common divisor of 474 and 1384914.
6
Calculate the greatest common factor of 33 and 2275005.
3
Calculate the greatest common divisor of 10813 and 39736792.
983
What is the greatest common factor of 419840 and 410000?
3280
Calculate the greatest common factor of 77773558 and 556.
278
Calculate the greatest common divisor of 1594951 and 22.
1
Calculate the greatest common divisor of 9837342 and 10921.
67
Calculate the greatest common factor of 27168976 and 16.
16
What is the greatest common factor of 2347826 and 92126?
146
Calculate the highest common factor of 132870 and 14219670.
1290
Calculate the greatest common factor of 127171140 and 2070.
690
Calculate the greatest common divisor of 37925 and 49815.
205
Calculate the highest common factor of 83 and 1208219297.
83
What is the greatest common divisor of 60480 and 98352?
144
What is the highest common factor of 66 and 2881483?
11
Calculate the greatest common factor of 26298360 and 32060.
4580
What is the greatest common divisor of 6226 and 40216?
22
Calculate the highest common divisor of 28923 and 1581.
93
Calculate the highest common divisor of 398970 and 5846786.
682
What is the greatest common factor of 432 and 12311568?
432
Calculate the highest common factor of 209266174 and 65.
13
What is the highest common divisor of 7 and 12752425?
7
Calculate the greatest common divisor of 8137854 and 21978.
1998
What is the greatest common factor of 320506365 and 285?
15
What is the highest common divisor of 136 and 735172004?
68
What is the greatest common factor of 3767312 and 47236?
964
Calculate the greatest common factor of 4 and 2448700.
4
Calculate the highest common divisor of 306 and 15378948.
306
What is the highest common factor of 40 and 55565?
5
Calculate the greatest common factor of 115947 and 420030.
117
What is the greatest common divisor of 875955 and 570?
15
What is the greatest common divisor of 23736408 and 12?
12
What is the greatest common divisor of 1656763 and 2573?
83
Calculate the highest common divisor of 82165690 and 1130.
1130
Calculate the highest common divisor of 45474 and 443586.
858
Calculate the greatest common divisor of 22145 and 2987.
103
Calculate the greatest common factor of 1582200 and 9420.
60
Calculate the highest common divisor of 3712 and 15947216.
464
What is the highest common factor of 19073069 and 573?
191
Calculate the highest common divisor of 181850 and 3000.
50
What is the greatest common divisor of 522 and 6972122?
58
What is the highest common factor of 25560 and 297561?
213
Calculate the greatest common factor of 868 and 25263574.
434
What is the highest common divisor of 470890 and 10192?
98
Calculate the highest common factor of 7645 and 13483.
139
Calculate the highest common divisor of 32 and 91629872.
16
What is the greatest common divisor of 2499056 and 58080?
16
What is the greatest common divisor of 416272 and 368?
16
What is the highest common divisor of 6556 and 2111471252?
6556
Calculate the greatest common factor of 1385175 and 18031.
73
Calculate the highest common divisor of 78453033 and 38.
19
What is the highest common divisor of 518 and 8904050?
74
What is the highest common factor of 731936 and 112?
16
Calculate the greatest common divisor of 2179398 and 7566.
78
What is the highest common divisor of 88 and 5316322?
22
Calculate the greatest common divisor of 4651997 and 1.
1
Calculate the highest common factor of 4643098 and 314.
2
Calculate the highest common divisor of 22068 and 1453.
1
Calculate the highest common factor of 59634 and 8633678.
6626
What is the highest common factor of 48608240 and 45568?
1424
What is the highest common divisor of 3878834 and 39116?
254
Calculate the highest common divisor of 20937684 and 4956.
708
What is the greatest common factor of 64398711 and 262